{"id":9481,"date":"2020-08-20T17:55:55","date_gmt":"2020-08-20T17:55:55","guid":{"rendered":"https:\/\/bighearts.wgl-demo.net\/?page_id=9"},"modified":"2025-04-17T12:52:15","modified_gmt":"2025-04-17T12:52:15","slug":"inmunodeficiencias","status":"publish","type":"page","link":"https:\/\/fundacionidpchile.cl\/?page_id=9481","title":{"rendered":"Inmunodeficiencias"},"content":{"rendered":"\t\t<div data-elementor-type=\"wp-page\" data-elementor-id=\"9481\" class=\"elementor elementor-9481\">\n\t\t\t\t\t\t<section class=\"elementor-section elementor-top-section elementor-element elementor-element-3b30e84 elementor-section-boxed elementor-section-height-default elementor-section-height-default\" data-id=\"3b30e84\" data-element_type=\"section\">\n\t\t\t\t\t\t<div class=\"elementor-container elementor-column-gap-default\">\n\t\t\t\t\t<div class=\"elementor-column elementor-col-100 elementor-top-column elementor-element elementor-element-b4c0cd9\" data-id=\"b4c0cd9\" data-element_type=\"column\">\n\t\t\t<div class=\"elementor-widget-wrap elementor-element-populated\">\n\t\t\t\t\t\t<div class=\"elementor-element elementor-element-7741371 elementor-widget elementor-widget-heading\" data-id=\"7741371\" data-element_type=\"widget\" data-widget_type=\"heading.default\">\n\t\t\t\t<div class=\"elementor-widget-container\">\n\t\t\t<h3 class=\"elementor-heading-title elementor-size-default\">Las Inmunodeficiencias Primarias<\/h3>\t\t<\/div>\n\t\t\t\t<\/div>\n\t\t\t\t\t<\/div>\n\t\t<\/div>\n\t\t\t\t\t<\/div>\n\t\t<\/section>\n\t\t\t\t<section class=\"elementor-section elementor-top-section elementor-element elementor-element-9b090b4 elementor-section-boxed elementor-section-height-default elementor-section-height-default\" data-id=\"9b090b4\" data-element_type=\"section\">\n\t\t\t\t\t\t<div class=\"elementor-container elementor-column-gap-default\">\n\t\t\t\t\t<div class=\"elementor-column elementor-col-100 elementor-top-column elementor-element elementor-element-560a9b7\" data-id=\"560a9b7\" data-element_type=\"column\">\n\t\t\t<div class=\"elementor-widget-wrap elementor-element-populated\">\n\t\t\t\t\t\t<div class=\"elementor-element elementor-element-819c749 elementor-widget elementor-widget-spacer\" data-id=\"819c749\" data-element_type=\"widget\" data-widget_type=\"spacer.default\">\n\t\t\t\t<div class=\"elementor-widget-container\">\n\t\t\t\t\t<div class=\"elementor-spacer\">\n\t\t\t<div class=\"elementor-spacer-inner\"><\/div>\n\t\t<\/div>\n\t\t\t\t<\/div>\n\t\t\t\t<\/div>\n\t\t\t\t\t<\/div>\n\t\t<\/div>\n\t\t\t\t\t<\/div>\n\t\t<\/section>\n\t\t\t\t<section class=\"elementor-section elementor-top-section elementor-element elementor-element-82fe899 elementor-section-boxed elementor-section-height-default elementor-section-height-default\" data-id=\"82fe899\" data-element_type=\"section\">\n\t\t\t\t\t\t<div class=\"elementor-container elementor-column-gap-default\">\n\t\t\t\t\t<div class=\"elementor-column elementor-col-100 elementor-top-column elementor-element elementor-element-d688cae\" data-id=\"d688cae\" data-element_type=\"column\">\n\t\t\t<div class=\"elementor-widget-wrap elementor-element-populated\">\n\t\t\t\t\t\t<div class=\"elementor-element elementor-element-a4c3d6a elementor-widget elementor-widget-text-editor\" data-id=\"a4c3d6a\" data-element_type=\"widget\" data-widget_type=\"text-editor.default\">\n\t\t\t\t<div class=\"elementor-widget-container\">\n\t\t\t\t\t\t\t<p><span>Las inmunodeficiencias primarias (IDP), tambi\u00e9n conocidas como Errores Innatos de la Inmunidad (EII), son un grupo de trastornos del sistema inmunol\u00f3gico caracterizados por defectos gen\u00e9ticos heredados. Estos defectos afectan la capacidad del cuerpo para combatir infecciones, lo que provoca una mayor susceptibilidad a enfermedades recurrentes, graves o dif\u00edciles de tratar. Adem\u00e1s de las infecciones recurrentes, las IDP pueden asociarse con problemas de autoinmunidad, desregulaci\u00f3n inmune y\/o neoplasias. Este informe ofrece una visi\u00f3n general de estas patolog\u00edas, sus mecanismos de transmisi\u00f3n gen\u00e9tica y su impacto en los afectados.<\/span><\/p>\t\t\t\t\t\t<\/div>\n\t\t\t\t<\/div>\n\t\t\t\t\t<\/div>\n\t\t<\/div>\n\t\t\t\t\t<\/div>\n\t\t<\/section>\n\t\t\t\t<section class=\"elementor-section elementor-top-section elementor-element elementor-element-3d57f88 elementor-section-boxed elementor-section-height-default elementor-section-height-default\" data-id=\"3d57f88\" data-element_type=\"section\">\n\t\t\t\t\t\t<div class=\"elementor-container elementor-column-gap-default\">\n\t\t\t\t\t<div class=\"elementor-column elementor-col-100 elementor-top-column elementor-element elementor-element-985ef9b\" data-id=\"985ef9b\" data-element_type=\"column\">\n\t\t\t<div class=\"elementor-widget-wrap elementor-element-populated\">\n\t\t\t\t\t\t<div class=\"elementor-element elementor-element-3f0b493 elementor-widget elementor-widget-spacer\" data-id=\"3f0b493\" data-element_type=\"widget\" data-widget_type=\"spacer.default\">\n\t\t\t\t<div class=\"elementor-widget-container\">\n\t\t\t\t\t<div class=\"elementor-spacer\">\n\t\t\t<div class=\"elementor-spacer-inner\"><\/div>\n\t\t<\/div>\n\t\t\t\t<\/div>\n\t\t\t\t<\/div>\n\t\t\t\t\t<\/div>\n\t\t<\/div>\n\t\t\t\t\t<\/div>\n\t\t<\/section>\n\t\t\t\t<section class=\"elementor-section elementor-top-section elementor-element elementor-element-b1ad1dd elementor-section-boxed elementor-section-height-default elementor-section-height-default\" data-id=\"b1ad1dd\" data-element_type=\"section\">\n\t\t\t\t\t\t<div class=\"elementor-container elementor-column-gap-default\">\n\t\t\t\t\t<div class=\"elementor-column elementor-col-100 elementor-top-column elementor-element elementor-element-9476978\" data-id=\"9476978\" data-element_type=\"column\">\n\t\t\t<div class=\"elementor-widget-wrap elementor-element-populated\">\n\t\t\t\t\t\t<div class=\"elementor-element elementor-element-9bd4cf7 elementor-widget elementor-widget-heading\" data-id=\"9bd4cf7\" data-element_type=\"widget\" data-widget_type=\"heading.default\">\n\t\t\t\t<div class=\"elementor-widget-container\">\n\t\t\t<h3 class=\"elementor-heading-title elementor-size-default\">Caracter\u00edsticas de las Inmunodeficiencias Primarias: <\/h3>\t\t<\/div>\n\t\t\t\t<\/div>\n\t\t\t\t\t<\/div>\n\t\t<\/div>\n\t\t\t\t\t<\/div>\n\t\t<\/section>\n\t\t\t\t<section class=\"elementor-section elementor-top-section elementor-element elementor-element-b04b632 elementor-section-boxed elementor-section-height-default elementor-section-height-default\" data-id=\"b04b632\" data-element_type=\"section\">\n\t\t\t\t\t\t<div class=\"elementor-container elementor-column-gap-default\">\n\t\t\t\t\t<div class=\"elementor-column elementor-col-100 elementor-top-column elementor-element elementor-element-9dda4ad\" data-id=\"9dda4ad\" data-element_type=\"column\">\n\t\t\t<div class=\"elementor-widget-wrap elementor-element-populated\">\n\t\t\t\t\t\t<div class=\"elementor-element elementor-element-91eca97 elementor-widget elementor-widget-spacer\" data-id=\"91eca97\" data-element_type=\"widget\" data-widget_type=\"spacer.default\">\n\t\t\t\t<div class=\"elementor-widget-container\">\n\t\t\t\t\t<div class=\"elementor-spacer\">\n\t\t\t<div class=\"elementor-spacer-inner\"><\/div>\n\t\t<\/div>\n\t\t\t\t<\/div>\n\t\t\t\t<\/div>\n\t\t\t\t\t<\/div>\n\t\t<\/div>\n\t\t\t\t\t<\/div>\n\t\t<\/section>\n\t\t\t\t<section class=\"elementor-section elementor-top-section elementor-element elementor-element-19e5ce6 elementor-section-boxed elementor-section-height-default elementor-section-height-default\" data-id=\"19e5ce6\" data-element_type=\"section\">\n\t\t\t\t\t\t<div class=\"elementor-container elementor-column-gap-default\">\n\t\t\t\t\t<div class=\"elementor-column elementor-col-100 elementor-top-column elementor-element elementor-element-955b070\" data-id=\"955b070\" data-element_type=\"column\">\n\t\t\t<div class=\"elementor-widget-wrap elementor-element-populated\">\n\t\t\t\t\t\t<div class=\"elementor-element elementor-element-ea5282c elementor-widget elementor-widget-text-editor\" data-id=\"ea5282c\" data-element_type=\"widget\" data-widget_type=\"text-editor.default\">\n\t\t\t\t<div class=\"elementor-widget-container\">\n\t\t\t\t\t\t\t<p><span>Las inmunodeficiencias primarias son condiciones m\u00e9dicas complejas que afectan el sistema inmunol\u00f3gico, haci\u00e9ndolo incapaz de defender adecuadamente al cuerpo contra infecciones. Estas patolog\u00edas son variadas y pueden presentar una amplia gama de manifestaciones cl\u00ednicas, que incluyen:<\/span><\/p>\t\t\t\t\t\t<\/div>\n\t\t\t\t<\/div>\n\t\t\t\t\t<\/div>\n\t\t<\/div>\n\t\t\t\t\t<\/div>\n\t\t<\/section>\n\t\t\t\t<section class=\"elementor-section elementor-top-section elementor-element elementor-element-eaeacde elementor-section-boxed elementor-section-height-default elementor-section-height-default\" data-id=\"eaeacde\" data-element_type=\"section\">\n\t\t\t\t\t\t<div class=\"elementor-container elementor-column-gap-default\">\n\t\t\t\t\t<div class=\"elementor-column elementor-col-100 elementor-top-column elementor-element elementor-element-afefe84\" data-id=\"afefe84\" data-element_type=\"column\">\n\t\t\t<div class=\"elementor-widget-wrap elementor-element-populated\">\n\t\t\t\t\t\t<div class=\"elementor-element elementor-element-838a4ee elementor-widget elementor-widget-text-editor\" data-id=\"838a4ee\" data-element_type=\"widget\" data-widget_type=\"text-editor.default\">\n\t\t\t\t<div class=\"elementor-widget-container\">\n\t\t\t\t\t\t\t<ul class=\"bighearts_list bighearts_check\"><li><strong><span>Infecciones recurrentes:<\/span><\/strong><span> Las personas afectadas por IDP son m\u00e1s propensas a sufrir infecciones persistentes o dif\u00edciles de tratar.<\/span><\/li><li><strong><span>Autoinmunidad:<\/span><\/strong><span> El sistema inmunol\u00f3gico puede atacar el propio cuerpo, causando enfermedades autoinmunes.<\/span><\/li><li><strong><span>Desregulaci\u00f3n inmune:<\/span><\/strong><span> El sistema inmune puede funcionar de manera anormal, no respondiendo adecuadamente ante pat\u00f3genos o enfermedades.<\/span><\/li><li><strong><span>Neoplasias:<\/span><\/strong><span> En algunos casos, la alteraci\u00f3n del sistema inmunol\u00f3gico puede dar lugar a tumores o c\u00e1nceres relacionados con el sistema inmunitario.<\/span><\/li><\/ul>\t\t\t\t\t\t<\/div>\n\t\t\t\t<\/div>\n\t\t\t\t\t<\/div>\n\t\t<\/div>\n\t\t\t\t\t<\/div>\n\t\t<\/section>\n\t\t\t\t<section class=\"elementor-section elementor-top-section elementor-element elementor-element-6cd0e6f elementor-section-boxed elementor-section-height-default elementor-section-height-default\" data-id=\"6cd0e6f\" data-element_type=\"section\">\n\t\t\t\t\t\t<div class=\"elementor-container elementor-column-gap-default\">\n\t\t\t\t\t<div class=\"elementor-column elementor-col-100 elementor-top-column elementor-element elementor-element-a23fc25\" data-id=\"a23fc25\" data-element_type=\"column\">\n\t\t\t<div class=\"elementor-widget-wrap elementor-element-populated\">\n\t\t\t\t\t\t<div class=\"elementor-element elementor-element-c4b0041 elementor-widget elementor-widget-spacer\" data-id=\"c4b0041\" data-element_type=\"widget\" data-widget_type=\"spacer.default\">\n\t\t\t\t<div class=\"elementor-widget-container\">\n\t\t\t\t\t<div class=\"elementor-spacer\">\n\t\t\t<div class=\"elementor-spacer-inner\"><\/div>\n\t\t<\/div>\n\t\t\t\t<\/div>\n\t\t\t\t<\/div>\n\t\t\t\t\t<\/div>\n\t\t<\/div>\n\t\t\t\t\t<\/div>\n\t\t<\/section>\n\t\t\t\t<section class=\"elementor-section elementor-top-section elementor-element elementor-element-c2fd0ab elementor-section-boxed elementor-section-height-default elementor-section-height-default\" data-id=\"c2fd0ab\" data-element_type=\"section\">\n\t\t\t\t\t\t<div class=\"elementor-container elementor-column-gap-default\">\n\t\t\t\t\t<div class=\"elementor-column elementor-col-100 elementor-top-column elementor-element elementor-element-184189c\" data-id=\"184189c\" data-element_type=\"column\">\n\t\t\t<div class=\"elementor-widget-wrap elementor-element-populated\">\n\t\t\t\t\t\t<div class=\"elementor-element elementor-element-b9f4725 elementor-widget elementor-widget-spacer\" data-id=\"b9f4725\" data-element_type=\"widget\" data-widget_type=\"spacer.default\">\n\t\t\t\t<div class=\"elementor-widget-container\">\n\t\t\t\t\t<div class=\"elementor-spacer\">\n\t\t\t<div class=\"elementor-spacer-inner\"><\/div>\n\t\t<\/div>\n\t\t\t\t<\/div>\n\t\t\t\t<\/div>\n\t\t\t\t\t<\/div>\n\t\t<\/div>\n\t\t\t\t\t<\/div>\n\t\t<\/section>\n\t\t\t\t<section class=\"elementor-section elementor-top-section elementor-element elementor-element-f88e234 elementor-section-boxed elementor-section-height-default elementor-section-height-default\" data-id=\"f88e234\" data-element_type=\"section\">\n\t\t\t\t\t\t<div class=\"elementor-container elementor-column-gap-default\">\n\t\t\t\t\t<div class=\"elementor-column elementor-col-100 elementor-top-column elementor-element elementor-element-a8a9325\" data-id=\"a8a9325\" data-element_type=\"column\">\n\t\t\t<div class=\"elementor-widget-wrap elementor-element-populated\">\n\t\t\t\t\t\t<div class=\"elementor-element elementor-element-bc7b937 elementor-widget elementor-widget-heading\" data-id=\"bc7b937\" data-element_type=\"widget\" data-widget_type=\"heading.default\">\n\t\t\t\t<div class=\"elementor-widget-container\">\n\t\t\t<h3 class=\"elementor-heading-title elementor-size-default\">Transmisi\u00f3n Gen\u00e9tica de las Inmunodeficiencias Primarias: <\/h3>\t\t<\/div>\n\t\t\t\t<\/div>\n\t\t\t\t\t<\/div>\n\t\t<\/div>\n\t\t\t\t\t<\/div>\n\t\t<\/section>\n\t\t\t\t<section class=\"elementor-section elementor-top-section elementor-element elementor-element-ca20ca9 elementor-section-boxed elementor-section-height-default elementor-section-height-default\" data-id=\"ca20ca9\" data-element_type=\"section\">\n\t\t\t\t\t\t<div class=\"elementor-container elementor-column-gap-default\">\n\t\t\t\t\t<div class=\"elementor-column elementor-col-100 elementor-top-column elementor-element elementor-element-b369f82\" data-id=\"b369f82\" data-element_type=\"column\">\n\t\t\t<div class=\"elementor-widget-wrap elementor-element-populated\">\n\t\t\t\t\t\t<div class=\"elementor-element elementor-element-eacb294 elementor-widget elementor-widget-spacer\" data-id=\"eacb294\" data-element_type=\"widget\" data-widget_type=\"spacer.default\">\n\t\t\t\t<div class=\"elementor-widget-container\">\n\t\t\t\t\t<div class=\"elementor-spacer\">\n\t\t\t<div class=\"elementor-spacer-inner\"><\/div>\n\t\t<\/div>\n\t\t\t\t<\/div>\n\t\t\t\t<\/div>\n\t\t\t\t<div class=\"elementor-element elementor-element-1dd47ec elementor-widget elementor-widget-text-editor\" data-id=\"1dd47ec\" data-element_type=\"widget\" data-widget_type=\"text-editor.default\">\n\t\t\t\t<div class=\"elementor-widget-container\">\n\t\t\t\t\t\t\t<p><span>La mayor\u00eda de las inmunodeficiencias primarias son heredadas de forma gen\u00e9tica. Estas mutaciones en los genes responsables del sistema inmunol\u00f3gico pueden ser transmitidas por los padres a sus hijos. Sin embargo, no todas las IDP se heredan de la misma manera. Las mutaciones pueden ocurrir de manera espont\u00e1nea, no necesariamente siguiendo un patr\u00f3n heredado, y algunas pueden presentarse solo en ciertos individuos o en ciertos g\u00e9neros.<\/span><\/p>\t\t\t\t\t\t<\/div>\n\t\t\t\t<\/div>\n\t\t\t\t\t<\/div>\n\t\t<\/div>\n\t\t\t\t\t<\/div>\n\t\t<\/section>\n\t\t\t\t<section class=\"elementor-section elementor-top-section elementor-element elementor-element-a7cc889 elementor-section-boxed elementor-section-height-default elementor-section-height-default\" data-id=\"a7cc889\" data-element_type=\"section\">\n\t\t\t\t\t\t<div class=\"elementor-container elementor-column-gap-default\">\n\t\t\t\t\t<div class=\"elementor-column elementor-col-100 elementor-top-column elementor-element elementor-element-9da91ef\" data-id=\"9da91ef\" data-element_type=\"column\">\n\t\t\t<div class=\"elementor-widget-wrap elementor-element-populated\">\n\t\t\t\t\t\t<div class=\"elementor-element elementor-element-cca6cde elementor-widget elementor-widget-text-editor\" data-id=\"cca6cde\" data-element_type=\"widget\" data-widget_type=\"text-editor.default\">\n\t\t\t\t<div class=\"elementor-widget-container\">\n\t\t\t\t\t\t\t<ol><li><strong><span>Herencia autos\u00f3mica dominante:<\/span><\/strong><span> En este tipo de herencia, solo se necesita un gen defectuoso de uno de los padres para que el hijo desarrolle la enfermedad. Si uno de los padres es portador del gen defectuoso, hay un 50% de probabilidad de que el hijo herede la enfermedad.<\/span><\/li><li><strong><span>Herencia autos\u00f3mica recesiva:<\/span><\/strong><span> En este caso, tanto el padre como la madre deben ser portadores del gen defectuoso para que el hijo desarrolle la enfermedad. Si un ni\u00f1o hereda ambos genes defectuosos (uno de cada progenitor), desarrollar\u00e1 la IDP.<\/span><\/li><li><strong><span>Herencia ligada al cromosoma X:<\/span><\/strong><span> Algunas IDP son causadas por mutaciones en genes ubicados en el cromosoma X. Estas enfermedades se presentan m\u00e1s com\u00fanmente en hombres, ya que los hombres tienen un solo cromosoma X. Las mujeres pueden ser portadoras de la enfermedad, pero generalmente no la desarrollan debido a la presencia de un cromosoma X sano.<\/span><\/li><\/ol>\t\t\t\t\t\t<\/div>\n\t\t\t\t<\/div>\n\t\t\t\t\t<\/div>\n\t\t<\/div>\n\t\t\t\t\t<\/div>\n\t\t<\/section>\n\t\t\t\t<section class=\"elementor-section elementor-top-section elementor-element elementor-element-cf5a482 elementor-section-boxed elementor-section-height-default elementor-section-height-default\" data-id=\"cf5a482\" data-element_type=\"section\">\n\t\t\t\t\t\t<div class=\"elementor-container elementor-column-gap-default\">\n\t\t\t\t\t<div class=\"elementor-column elementor-col-100 elementor-top-column elementor-element elementor-element-5caac76\" data-id=\"5caac76\" data-element_type=\"column\">\n\t\t\t<div class=\"elementor-widget-wrap elementor-element-populated\">\n\t\t\t\t\t\t<div class=\"elementor-element elementor-element-e533074 elementor-widget elementor-widget-text-editor\" data-id=\"e533074\" data-element_type=\"widget\" data-widget_type=\"text-editor.default\">\n\t\t\t\t<div class=\"elementor-widget-container\">\n\t\t\t\t\t\t\t<p><span>El diagn\u00f3stico y tratamiento oportuno de las inmunodeficiencias primarias es crucial para mejorar la calidad de vida de las personas afectadas. En muchos casos, el acceso a tratamientos adecuados puede reducir el riesgo de infecciones graves y complicaciones adicionales. Adem\u00e1s, la identificaci\u00f3n temprana de los portadores del gen defectuoso y la comprensi\u00f3n de los patrones hereditarios pueden ayudar en la planificaci\u00f3n familiar y el manejo de la enfermedad.<\/span><\/p><p><span>Las inmunodeficiencias primarias son trastornos complejos con una diversidad de manifestaciones y mecanismos de transmisi\u00f3n gen\u00e9tica. La educaci\u00f3n sobre estas condiciones y su gesti\u00f3n es fundamental para mejorar la vida de las personas afectadas y promover una detecci\u00f3n m\u00e1s temprana y tratamientos eficaces.<\/span><\/p>\t\t\t\t\t\t<\/div>\n\t\t\t\t<\/div>\n\t\t\t\t\t<\/div>\n\t\t<\/div>\n\t\t\t\t\t<\/div>\n\t\t<\/section>\n\t\t\t\t<section class=\"elementor-section elementor-top-section elementor-element elementor-element-9e4a387 elementor-reverse-tablet elementor-reverse-mobile elementor-section-boxed elementor-section-height-default elementor-section-height-default\" data-id=\"9e4a387\" data-element_type=\"section\" data-settings=\"{&quot;background_background&quot;:&quot;classic&quot;}\">\n\t\t\t\t\t\t<div class=\"elementor-container elementor-column-gap-default\">\n\t\t\t\t\t<div class=\"elementor-column elementor-col-50 elementor-top-column elementor-element elementor-element-37d49be\" data-id=\"37d49be\" data-element_type=\"column\" data-settings=\"{&quot;background_background&quot;:&quot;classic&quot;}\">\n\t\t\t<div class=\"elementor-widget-wrap elementor-element-populated\">\n\t\t\t\t\t\t<div class=\"elementor-element elementor-element-bf10502 elementor-widget elementor-widget-image\" data-id=\"bf10502\" data-element_type=\"widget\" data-widget_type=\"image.default\">\n\t\t\t\t<div class=\"elementor-widget-container\">\n\t\t\t\t\t\t\t\t\t\t\t\t\t<img fetchpriority=\"high\" decoding=\"async\" width=\"681\" height=\"453\" src=\"https:\/\/fundacionidpchile.cl\/wp-content\/uploads\/2025\/01\/IMG-20250126-WA0024.jpg\" class=\"attachment-full size-full wp-image-23070\" alt=\"\" srcset=\"https:\/\/fundacionidpchile.cl\/wp-content\/uploads\/2025\/01\/IMG-20250126-WA0024.jpg 681w, https:\/\/fundacionidpchile.cl\/wp-content\/uploads\/2025\/01\/IMG-20250126-WA0024-300x200.jpg 300w\" sizes=\"(max-width: 681px) 100vw, 681px\" \/>\t\t\t\t\t\t\t\t\t\t\t\t\t<\/div>\n\t\t\t\t<\/div>\n\t\t\t\t\t<\/div>\n\t\t<\/div>\n\t\t\t\t<div class=\"elementor-column elementor-col-50 elementor-top-column elementor-element elementor-element-5b2b6ba\" data-id=\"5b2b6ba\" data-element_type=\"column\">\n\t\t\t<div class=\"elementor-widget-wrap elementor-element-populated\">\n\t\t\t\t\t\t<div class=\"elementor-element elementor-element-043c47c elementor-widget elementor-widget-spacer\" data-id=\"043c47c\" data-element_type=\"widget\" data-widget_type=\"spacer.default\">\n\t\t\t\t<div class=\"elementor-widget-container\">\n\t\t\t\t\t<div class=\"elementor-spacer\">\n\t\t\t<div class=\"elementor-spacer-inner\"><\/div>\n\t\t<\/div>\n\t\t\t\t<\/div>\n\t\t\t\t<\/div>\n\t\t\t\t<div class=\"elementor-element elementor-element-4a409a2 aleft elementor-widget elementor-widget-wgl-double-headings\" data-id=\"4a409a2\" data-element_type=\"widget\" data-widget_type=\"wgl-double-headings.default\">\n\t\t\t\t<div class=\"elementor-widget-container\">\n\t\t\t        <div class=\"wgl-double_heading\">                <div class=\"dbl__subtitle\"><span>Preguntas Frecuentes<\/span>                <\/div>        <\/div>\t\t<\/div>\n\t\t\t\t<\/div>\n\t\t\t\t<div class=\"elementor-element elementor-element-85540f9 elementor-widget elementor-widget-spacer\" data-id=\"85540f9\" data-element_type=\"widget\" data-widget_type=\"spacer.default\">\n\t\t\t\t<div class=\"elementor-widget-container\">\n\t\t\t\t\t<div class=\"elementor-spacer\">\n\t\t\t<div class=\"elementor-spacer-inner\"><\/div>\n\t\t<\/div>\n\t\t\t\t<\/div>\n\t\t\t\t<\/div>\n\t\t\t\t<div class=\"elementor-element elementor-element-8c345a8 elementor-view-default elementor-widget elementor-widget-wgl-toggle-accordion\" data-id=\"8c345a8\" data-element_type=\"widget\" data-widget_type=\"wgl-toggle-accordion.default\">\n\t\t\t\t<div class=\"elementor-widget-container\">\n\t\t\t<div class=\"wgl-accordion icon-plus\" id=\"wgl-accordion-8c345a8\" data-type=\"toggle\"><div class=\"wgl-accordion_panel\"><h4 id=\"wgl-accordion_header-1471\" class=\"wgl-accordion_header\" data-default=\"yes\"><span class=\"wgl-accordion_title\">\u00bfQu\u00e9 son las inmunodeficiencias primarias (IDP)?<\/span><i class=\"wgl-accordion_icon elementor-icon \"><\/i><\/h4><div class=\"wgl-accordion_content\"><p>Las inmunodeficiencias primarias son un grupo de m\u00e1s de 400 enfermedades gen\u00e9ticas raras que afectan el sistema inmunol\u00f3gico, reduciendo su capacidad para combatir infecciones y enfermedades. Estas condiciones pueden ser heredadas y suelen manifestarse en la infancia, aunque tambi\u00e9n pueden diagnosticarse en adultos.<\/p><\/div><\/div><div class=\"wgl-accordion_panel\"><h4 id=\"wgl-accordion_header-1472\" class=\"wgl-accordion_header\" data-default=\"\"><span class=\"wgl-accordion_title\">\u00bfC\u00f3mo se diagnostican las inmunodeficiencias primarias?<\/span><i class=\"wgl-accordion_icon elementor-icon \"><\/i><\/h4><div class=\"wgl-accordion_content\"><p>El diagn\u00f3stico generalmente se realiza mediante una combinaci\u00f3n de antecedentes cl\u00ednicos, ex\u00e1menes f\u00edsicos, an\u00e1lisis de sangre para evaluar la funci\u00f3n inmunol\u00f3gica y pruebas gen\u00e9ticas para identificar mutaciones asociadas con IDP. El diagn\u00f3stico temprano es crucial para el manejo y tratamiento adecuado.<\/p><\/div><\/div><div class=\"wgl-accordion_panel\"><h4 id=\"wgl-accordion_header-1473\" class=\"wgl-accordion_header\" data-default=\"\"><span class=\"wgl-accordion_title\">\u00bfCu\u00e1l es el tratamiento disponible para las personas con inmunodeficiencias primarias?<\/span><i class=\"wgl-accordion_icon elementor-icon \"><\/i><\/h4><div class=\"wgl-accordion_content\"><p>El tratamiento depende del tipo espec\u00edfico de IDP, pero puede incluir inmunoglobulina intravenosa o subcut\u00e1nea para reforzar el sistema inmunol\u00f3gico, antibi\u00f3ticos profil\u00e1cticos para prevenir infecciones, trasplante de m\u00e9dula \u00f3sea en casos graves y terapias g\u00e9nicas en algunos tipos espec\u00edficos. Adem\u00e1s, es crucial un monitoreo m\u00e9dico constante para prevenir complicaciones.<\/p><\/div><\/div><\/div>\t\t<\/div>\n\t\t\t\t<\/div>\n\t\t\t\t<div class=\"elementor-element elementor-element-e6f467d elementor-widget elementor-widget-spacer\" data-id=\"e6f467d\" data-element_type=\"widget\" data-widget_type=\"spacer.default\">\n\t\t\t\t<div class=\"elementor-widget-container\">\n\t\t\t\t\t<div class=\"elementor-spacer\">\n\t\t\t<div class=\"elementor-spacer-inner\"><\/div>\n\t\t<\/div>\n\t\t\t\t<\/div>\n\t\t\t\t<\/div>\n\t\t\t\t\t<\/div>\n\t\t<\/div>\n\t\t\t\t\t<\/div>\n\t\t<\/section>\n\t\t\t\t<\/div>\n\t\t","protected":false},"excerpt":{"rendered":"<p>Las Inmunodeficiencias Primarias Las inmunodeficiencias primarias (IDP), tambi\u00e9n conocidas como Errores Innatos de la Inmunidad (EII), son un grupo de trastornos del sistema inmunol\u00f3gico caracterizados por defectos gen\u00e9ticos heredados. Estos defectos afectan la capacidad del cuerpo para combatir infecciones, lo que provoca una mayor susceptibilidad a enfermedades recurrentes, graves o dif\u00edciles de tratar. Adem\u00e1s de [&hellip;]<\/p>\n","protected":false},"author":1,"featured_media":0,"parent":0,"menu_order":0,"comment_status":"closed","ping_status":"closed","template":"","meta":{"footnotes":""},"class_list":["post-9481","page","type-page","status-publish","hentry"],"_links":{"self":[{"href":"https:\/\/fundacionidpchile.cl\/index.php?rest_route=\/wp\/v2\/pages\/9481","targetHints":{"allow":["GET"]}}],"collection":[{"href":"https:\/\/fundacionidpchile.cl\/index.php?rest_route=\/wp\/v2\/pages"}],"about":[{"href":"https:\/\/fundacionidpchile.cl\/index.php?rest_route=\/wp\/v2\/types\/page"}],"author":[{"embeddable":true,"href":"https:\/\/fundacionidpchile.cl\/index.php?rest_route=\/wp\/v2\/users\/1"}],"replies":[{"embeddable":true,"href":"https:\/\/fundacionidpchile.cl\/index.php?rest_route=%2Fwp%2Fv2%2Fcomments&post=9481"}],"version-history":[{"count":18,"href":"https:\/\/fundacionidpchile.cl\/index.php?rest_route=\/wp\/v2\/pages\/9481\/revisions"}],"predecessor-version":[{"id":23365,"href":"https:\/\/fundacionidpchile.cl\/index.php?rest_route=\/wp\/v2\/pages\/9481\/revisions\/23365"}],"wp:attachment":[{"href":"https:\/\/fundacionidpchile.cl\/index.php?rest_route=%2Fwp%2Fv2%2Fmedia&parent=9481"}],"curies":[{"name":"wp","href":"https:\/\/api.w.org\/{rel}","templated":true}]}}